{"id":4713,"date":"2022-12-28T19:17:26","date_gmt":"2022-12-28T19:17:26","guid":{"rendered":"http:\/\/ipaeuskadi.org\/wordpress\/?post_type=tribe_events&#038;p=4713"},"modified":"2022-12-28T19:17:26","modified_gmt":"2022-12-28T19:17:26","slug":"ix-marcha-cicloturista","status":"publish","type":"tribe_events","link":"https:\/\/ipaeuskadi.org\/wordpress\/event\/ix-marcha-cicloturista\/","title":{"rendered":"IX Marcha Cicloturista"},"content":{"rendered":"<p>Septiembre\/2023\tIX Marcha Cicloturista<br \/>\nLa Agrupaci\u00f3n de Vitoria-Gasteiz realizar\u00e1 su habitual marcha cicloturista<br \/>\nCuando se confirme la fecha se comunicar\u00e1<\/p>\n","protected":false},"excerpt":{"rendered":"<p>Septiembre\/2023 IX Marcha Cicloturista La Agrupaci\u00f3n de Vitoria-Gasteiz realizar\u00e1 su habitual marcha cicloturista Cuando se confirme la fecha se comunicar\u00e1<\/p>\n","protected":false},"author":1,"featured_media":0,"template":"","meta":{"_tribe_events_status":"","_tribe_events_status_reason":"","footnotes":""},"tags":[],"tribe_events_cat":[7],"class_list":["post-4713","tribe_events","type-tribe_events","status-publish","hentry","tribe_events_cat-actividades-deportivas","cat_actividades-deportivas"],"_links":{"self":[{"href":"https:\/\/ipaeuskadi.org\/wordpress\/wp-json\/wp\/v2\/tribe_events\/4713","targetHints":{"allow":["GET"]}}],"collection":[{"href":"https:\/\/ipaeuskadi.org\/wordpress\/wp-json\/wp\/v2\/tribe_events"}],"about":[{"href":"https:\/\/ipaeuskadi.org\/wordpress\/wp-json\/wp\/v2\/types\/tribe_events"}],"author":[{"embeddable":true,"href":"https:\/\/ipaeuskadi.org\/wordpress\/wp-json\/wp\/v2\/users\/1"}],"version-history":[{"count":0,"href":"https:\/\/ipaeuskadi.org\/wordpress\/wp-json\/wp\/v2\/tribe_events\/4713\/revisions"}],"wp:attachment":[{"href":"https:\/\/ipaeuskadi.org\/wordpress\/wp-json\/wp\/v2\/media?parent=4713"}],"wp:term":[{"taxonomy":"post_tag","embeddable":true,"href":"https:\/\/ipaeuskadi.org\/wordpress\/wp-json\/wp\/v2\/tags?post=4713"},{"taxonomy":"tribe_events_cat","embeddable":true,"href":"https:\/\/ipaeuskadi.org\/wordpress\/wp-json\/wp\/v2\/tribe_events_cat?post=4713"}],"curies":[{"name":"wp","href":"https:\/\/api.w.org\/{rel}","templated":true}]}}

<p>Septiembre/2023	IX Marcha Cicloturista<br />
La Agrupación de Vitoria-Gasteiz realizará su habitual marcha cicloturista<br />
Cuando se confirme la fecha se comunicará</p>

<p>Septiembre/2023 IX Marcha Cicloturista La Agrupación de Vitoria-Gasteiz realizará su habitual marcha cicloturista Cuando se confirme la fecha se comunicará</p>
