{"id":5302,"date":"2023-12-28T22:12:54","date_gmt":"2023-12-28T22:12:54","guid":{"rendered":"https:\/\/ipaeuskadi.org\/wordpress\/?page_id=5302"},"modified":"2025-03-03T18:05:05","modified_gmt":"2025-03-03T18:05:05","slug":"revista-ipa","status":"publish","type":"page","link":"https:\/\/ipaeuskadi.org\/wordpress\/revista-ipa\/","title":{"rendered":"Revista IPA"},"content":{"rendered":"<p>Revista digital de IPA Espa\u00f1a, editada por la Secci\u00f3n Nacional<\/p>\n<table style=\"height: 109px;\" width=\"80\">\n<tbody>\n<tr>\n<td><a href=https:\/\/ipaeuskadi.org\/wordpress\/wp-content\/uploads\/2025\/03\/DICIEMBRE-8-2024-ESPECIAL-DANA-6.pdf\"> <img loading=\"lazy\" decoding=\"async\" class=\"wp-image-1401 aligncenter\" src=\"https:\/\/ipaeuskadi.org\/wordpress\/wp-content\/uploads\/2025\/03\/DICIEMBRE-8-2024-ESPECIAL-DANA.jpg\" alt=\"\" width=\"255\" height=\"198\" \/><\/a><\/td>\n<\/tr>\n<tr>\n<td>\n<h3 style=\"text-align: center;\">Especial DANA &#8212; n\u00famero 8<\/h3>\n<\/td>\n<td>\n<h3 style=\"text-align: center;\">     <\/h3>\n<\/td>\n<\/tr>\n<tr>\n<td><a href=https:\/\/ipaeuskadi.org\/wordpress\/wp-content\/uploads\/2024\/10\/6_junio_-REVISTA-IPA_6.pdf \"> <img loading=\"lazy\" decoding=\"async\" class=\"wp-image-1401 aligncenter\" src=\"https:\/\/ipaeuskadi.org\/wordpress\/wp-content\/uploads\/2024\/10\/6_junio_REVISTA-IPA.jpg\" alt=\"\" width=\"255\" height=\"198\" \/><\/a><\/td>\n<td><a href=\"https:\/\/ipaeuskadi.org\/wordpress\/wp-content\/uploads\/2024\/10\/7_septiembre_REVISTA-IPA_7.pdf\"> <img loading=\"lazy\" decoding=\"async\" class=\"wp-image-1401 aligncenter\" src=\"https:\/\/ipaeuskadi.org\/wordpress\/wp-content\/uploads\/2024\/10\/7_septiembre_REVISTA-IPA.jpg\" alt=\"\" width=\"255\" height=\"198\" \/><\/a><\/td>\n<\/tr>\n<tr>\n<td>\n<h3 style=\"text-align: center;\">Revista IPA SN &#8212; n\u00famero 6<\/h3>\n<\/td>\n<td>\n<h3 style=\"text-align: center;\">Revista IPA SN &#8212; n\u00famero 7<\/h3>\n<\/td>\n<\/tr>\n<tr>\n<td><a href=\"https:\/\/ipaeuskadi.org\/wordpress\/wp-content\/uploads\/2023\/12\/4_202312_-REVISTA-IPA_4.pdf\"> <img loading=\"lazy\" decoding=\"async\" class=\"wp-image-1401 aligncenter\" src=\"https:\/\/ipaeuskadi.org\/wordpress\/wp-content\/uploads\/2023\/12\/4_202312_-REVISTA-IPA-1.jpg\" alt=\"\" width=\"255\" height=\"198\" \/><\/a><\/td>\n<td><a href=\"https:\/\/ipaeuskadi.org\/wordpress\/wp-content\/uploads\/2024\/10\/5_marzo_REVISTA-IPA_5.pdf\"> <img loading=\"lazy\" decoding=\"async\" class=\"wp-image-1401 aligncenter\" src=\"https:\/\/ipaeuskadi.org\/wordpress\/wp-content\/uploads\/2024\/10\/5_marzo_-REVISTA-IPA.jpg\" alt=\"\" width=\"255\" height=\"198\" \/><\/a><\/td>\n<\/tr>\n<tr>\n<td>\n<h3 style=\"text-align: center;\">Revista IPA SN &#8212; n\u00famero 4<\/h3>\n<\/td>\n<td>\n<h3 style=\"text-align: center;\">Revista IPA SN &#8212; n\u00famero 5<\/h3>\n<\/td>\n<\/tr>\n<tr>\n<td><a href=\"https:\/\/ipaeuskadi.org\/wordpress\/wp-content\/uploads\/2023\/12\/2_202306_-REVISTA-IPA_2.pdf\"> <img loading=\"lazy\" decoding=\"async\" class=\"wp-image-1401 aligncenter\" src=\"https:\/\/ipaeuskadi.org\/wordpress\/wp-content\/uploads\/2023\/12\/2_202306_-REVISTA-IPA-1.jpg\" alt=\"\" width=\"255\" height=\"198\" \/><\/a><\/td>\n<td><a href=\"https:\/\/ipaeuskadi.org\/wordpress\/wp-content\/uploads\/2023\/12\/3_202309_-REVISTA-IPA_3.pdf\"> <img loading=\"lazy\" decoding=\"async\" class=\"wp-image-1401 aligncenter\" src=\"https:\/\/ipaeuskadi.org\/wordpress\/wp-content\/uploads\/2023\/12\/3_202309_-REVISTA-IPA-1.jpg\" alt=\"\" width=\"255\" height=\"198\" \/><\/a><\/td>\n<\/tr>\n<tr>\n<td>\n<h3 style=\"text-align: center;\">Revista IPA SN &#8212; n\u00famero 2<\/h3>\n<\/td>\n<td>\n<h3 style=\"text-align: center;\">Revista IPA SN &#8212; n\u00famero 3<\/h3>\n<\/td>\n<\/tr>\n<tr>\n<td><a href=\"https:\/\/ipaeuskadi.org\/wordpress\/wp-content\/uploads\/2023\/12\/0_202212_-REVISTA-IPA_0.pdf\"> <img loading=\"lazy\" decoding=\"async\" class=\"wp-image-1401 aligncenter\" src=\"https:\/\/ipaeuskadi.org\/wordpress\/wp-content\/uploads\/2023\/12\/0_202212_-REVISTA-IPA-1.jpg\" alt=\"\" width=\"255\" height=\"198\" \/><\/a><\/td>\n<td><a href=\"https:\/\/ipaeuskadi.org\/wordpress\/wp-content\/uploads\/2023\/12\/1_202303_-REVISTA-IPA_1.pdf\"> <img loading=\"lazy\" decoding=\"async\" class=\"wp-image-1401 aligncenter\" src=\"https:\/\/ipaeuskadi.org\/wordpress\/wp-content\/uploads\/2023\/12\/1_202303_-REVISTA-IPA-1.jpg\" alt=\"\" width=\"255\" height=\"198\" \/><\/a><\/td>\n<\/tr>\n<tr>\n<td>\n<h3 style=\"text-align: center;\">Revista IPA SN \u2013 n\u00famero 0<\/h3>\n<\/td>\n<td>\n<h3 style=\"text-align: center;\">Revista IPA SN &#8212; n\u00famero 1<\/h3>\n<\/td>\n<\/tr>\n<\/tbody>\n<\/table>\n<p><!-- Esto es un ejemplo de comentario y no saldr\u00e1 en la p\u00e1gina --><\/p>\n","protected":false},"excerpt":{"rendered":"<p>Revista digital de IPA Espa\u00f1a, editada por la Secci\u00f3n Nacional Revista IPA SN &#8212; n\u00famero 6 Revista IPA SN &#8212; n\u00famero 7 Revista IPA SN &#8212; n\u00famero 4 Revista IPA [&hellip;]<\/p>\n","protected":false},"author":1,"featured_media":0,"parent":0,"menu_order":0,"comment_status":"closed","ping_status":"closed","template":"","meta":{"footnotes":""},"class_list":["post-5302","page","type-page","status-publish","hentry"],"_links":{"self":[{"href":"https:\/\/ipaeuskadi.org\/wordpress\/wp-json\/wp\/v2\/pages\/5302","targetHints":{"allow":["GET"]}}],"collection":[{"href":"https:\/\/ipaeuskadi.org\/wordpress\/wp-json\/wp\/v2\/pages"}],"about":[{"href":"https:\/\/ipaeuskadi.org\/wordpress\/wp-json\/wp\/v2\/types\/page"}],"author":[{"embeddable":true,"href":"https:\/\/ipaeuskadi.org\/wordpress\/wp-json\/wp\/v2\/users\/1"}],"replies":[{"embeddable":true,"href":"https:\/\/ipaeuskadi.org\/wordpress\/wp-json\/wp\/v2\/comments?post=5302"}],"version-history":[{"count":6,"href":"https:\/\/ipaeuskadi.org\/wordpress\/wp-json\/wp\/v2\/pages\/5302\/revisions"}],"predecessor-version":[{"id":5644,"href":"https:\/\/ipaeuskadi.org\/wordpress\/wp-json\/wp\/v2\/pages\/5302\/revisions\/5644"}],"wp:attachment":[{"href":"https:\/\/ipaeuskadi.org\/wordpress\/wp-json\/wp\/v2\/media?parent=5302"}],"curies":[{"name":"wp","href":"https:\/\/api.w.org\/{rel}","templated":true}]}}