{"id":4071,"date":"2020-08-24T11:58:32","date_gmt":"2020-08-24T11:58:32","guid":{"rendered":"http:\/\/ipaeuskadi.org\/wordpress\/?page_id=4071"},"modified":"2024-05-06T22:50:20","modified_gmt":"2024-05-06T22:50:20","slug":"formacion-euskadi","status":"publish","type":"page","link":"https:\/\/ipaeuskadi.org\/wordpress\/formacion-euskadi\/","title":{"rendered":"Formaci\u00f3n Euskadi"},"content":{"rendered":"<p style=\"text-align: justify;\">En esta p\u00e1gina, recogemos la Formaci\u00f3n, Seminarios, Jornadas de car\u00e1cter profesional en las que IPA Euskadi participa como organizadora o colaboradora.<\/p>\n<p style=\"text-align: right;\">Actualizaci\u00f3n: 07\/05\/2024<\/p>\n<p>Esta informaci\u00f3n la podemos ver en la p\u00e1gina de inicio de nuestro portal<\/p>\n","protected":false},"excerpt":{"rendered":"<p>En esta p\u00e1gina, recogemos la Formaci\u00f3n, Seminarios, Jornadas de car\u00e1cter profesional en las que IPA Euskadi participa como organizadora o colaboradora. Actualizaci\u00f3n: 07\/05\/2024 Esta informaci\u00f3n la podemos ver en la [&hellip;]<\/p>\n","protected":false},"author":1,"featured_media":0,"parent":0,"menu_order":0,"comment_status":"closed","ping_status":"closed","template":"","meta":{"footnotes":""},"class_list":["post-4071","page","type-page","status-publish","hentry"],"_links":{"self":[{"href":"https:\/\/ipaeuskadi.org\/wordpress\/wp-json\/wp\/v2\/pages\/4071","targetHints":{"allow":["GET"]}}],"collection":[{"href":"https:\/\/ipaeuskadi.org\/wordpress\/wp-json\/wp\/v2\/pages"}],"about":[{"href":"https:\/\/ipaeuskadi.org\/wordpress\/wp-json\/wp\/v2\/types\/page"}],"author":[{"embeddable":true,"href":"https:\/\/ipaeuskadi.org\/wordpress\/wp-json\/wp\/v2\/users\/1"}],"replies":[{"embeddable":true,"href":"https:\/\/ipaeuskadi.org\/wordpress\/wp-json\/wp\/v2\/comments?post=4071"}],"version-history":[{"count":3,"href":"https:\/\/ipaeuskadi.org\/wordpress\/wp-json\/wp\/v2\/pages\/4071\/revisions"}],"predecessor-version":[{"id":5455,"href":"https:\/\/ipaeuskadi.org\/wordpress\/wp-json\/wp\/v2\/pages\/4071\/revisions\/5455"}],"wp:attachment":[{"href":"https:\/\/ipaeuskadi.org\/wordpress\/wp-json\/wp\/v2\/media?parent=4071"}],"curies":[{"name":"wp","href":"https:\/\/api.w.org\/{rel}","templated":true}]}}