{"id":102,"date":"2014-07-09T17:44:35","date_gmt":"2014-07-09T17:44:35","guid":{"rendered":"http:\/\/prueba.ipaeuskadi.org\/wordpress\/?page_id=102"},"modified":"2025-09-19T10:44:47","modified_gmt":"2025-09-19T10:44:47","slug":"ipa-euskadi","status":"publish","type":"page","link":"https:\/\/ipaeuskadi.org\/wordpress\/ipa-euskadi\/","title":{"rendered":"IPA Euskadi"},"content":{"rendered":"<p style=\"text-align: justify;\"><a href=\"https:\/\/ipaeuskadi.org\/wordpress\/wp-content\/uploads\/2014\/07\/Euskadi-mapa.gif\"><img loading=\"lazy\" decoding=\"async\" class=\"alignleft  wp-image-854\" src=\"https:\/\/ipaeuskadi.org\/wordpress\/wp-content\/uploads\/2014\/07\/Euskadi-mapa.gif\" alt=\"Euskadi-mapa\" width=\"148\" height=\"116\" \/><\/a>En el\u00a0 mes de octubre\u00a0 de 1991, se\u00a0 constituy\u00f3\u00a0 en Vitoria-Gasteiz la Asociaci\u00f3n IPA Euskadi, denominada International Police Association (I.P.A.) Secci\u00f3n\u00a0 Espa\u00f1ola\u00a0 \u2013 Comunidad Euskadi \u2013\u00a0 Polizi Nazioarteko Elkartea\u00a0 \u2013\u00a0 Espainako Saila\u00a0 \u2013\u00a0 Euskadiko\u00a0 Komunitate,\u00a0 la\u00a0\u00a0 cual \u00a0 se encontraba inscrita en el Registro Nacional de Asociaciones con el n\u00famero 8960.<\/p>\n<p style=\"text-align: justify;\">El 28 de mayo de 1998, se registr\u00f3 en Vitoria-Gasteiz, en el Registro de Asociaciones del Pa\u00eds Vasco, Secci\u00f3n 1\u00aa con el n\u00famero AS\/A\/07522\/1998, acogi\u00e9ndose a lo dispuesto en la Ley 3\/1988, de 12\u00a0 de\u00a0 febrero, de\u00a0 Asociaciones,\u00a0 aprobada\u00a0 por\u00a0 el\u00a0 Parlamento\u00a0 Vasco de\u00a0 acuerdo con lo establecido en los art\u00edculos 9 y 10.13 del Estatuto de Autonom\u00eda para el Pa\u00eds Vasco.<br \/>\nAs\u00ed mismo, regida por lo establecido en la Ley Org\u00e1nica 1\/2002 de 22 de marzo la cual regula el derecho de asociaci\u00f3n.<\/p>\n<p style=\"text-align: justify;\">Inscrita en el Registro de la Agencia Tributaria con CIF G01271535.<\/p>\n<p style=\"text-align: justify;\">En la actualidad, supera el millar de socios, repartidos por las 3 provincias que la componen, \u00c1lava, Bizkaia y Gipuzkoa.<\/p>\n<p style=\"text-align: justify;\">La sede se encuentra ubicada en la academia de la Polic\u00eda del Pa\u00eds Vasco en Arkaute (\u00c1lava).<\/p>\n<table width=\"50%\">\n<tbody>\n<tr>\n<td>Contacto:<\/td>\n<\/tr>\n<tr>\n<td><\/td>\n<td>IPA EUSKADI<br \/>\nApartado de correos, 199<br \/>\n48960 Galdakao (Bizkaia)<br \/>\nTelf. 607460261<br \/>\nE-Mail: ipaeuskadi@ipaeuskadi.org<\/td>\n<\/tr>\n<\/tbody>\n<\/table>\n<p style=\"text-align: justify;\">Tal y como establecen los Estatutos, IPA Euskadi cuenta con una Agrupaci\u00f3n en Vitoria-Gasteiz, tiene su sede en las dependencias de la Polic\u00eda Local de Vitoria-Gasteiz que se encuentran en la calle Aguirrelanda n\u00famero 8.<\/p>\n<p style=\"text-align: justify;\">Se fund\u00f3 en el a\u00f1o 1994 y desde entonces desarrolla su labor en la ciudad de Vitoria-Gasteiz.<\/p>\n<table width=\"75%\">\n<tbody>\n<tr>\n<td>Contacto:<\/td>\n<\/tr>\n<tr>\n<td><\/td>\n<td>AGRUPACION DE VITORIA-GASTEIZ<br \/>\nagrupacionvitoria@ipaeuskadi.org<br \/>\n Vitoria-Gasteiz (\u00c1lava)<\/td>\n<\/tr>\n<\/tbody>\n<\/table>\n<div id=\"__tbSetup\" style=\"text-align: justify;\">\n<p>\u00bfQU\u00c9 OFRECE I.P.A. A SUS SOCIOS?<\/p>\n<p>I.P.A. es una Organizaci\u00f3n tanto a nivel nacional como internacional que facilita a sus socios y sus familias la posibilidad de participar en diferentes eventos culturales, deportivos, l\u00fadicos y profesionales.<\/p>\n<table style=\"height: 301px;\" width=\"624\">\n<tbody>\n<tr>\n<td>Podemos destacar:<\/td>\n<td>La participaci\u00f3n en concentraciones de deportistas.<br \/>\nCampeonatos diversos.<br \/>\nCursos o seminarios de t\u00e9cnicas profesionales.<br \/>\nConferencias de temas de inter\u00e9s social y cultural.<br \/>\nEncuentros o reuniones conmemorativas.<br \/>\nColeccionismo.<br \/>\nViajes, excursiones o visitas.<br \/>\nIntercambios entre j\u00f3venes.<br \/>\nAlojamiento en Casas I.P.A.<br \/>\nPromoci\u00f3n, organizaci\u00f3n y participaci\u00f3n en campa\u00f1as de ayuda humanitaria.<\/td>\n<\/tr>\n<\/tbody>\n<\/table>\n<\/div>\n","protected":false},"excerpt":{"rendered":"<p>En el\u00a0 mes de octubre\u00a0 de 1991, se\u00a0 constituy\u00f3\u00a0 en Vitoria-Gasteiz la Asociaci\u00f3n IPA Euskadi, denominada International Police Association (I.P.A.) Secci\u00f3n\u00a0 Espa\u00f1ola\u00a0 \u2013 Comunidad Euskadi \u2013\u00a0 Polizi Nazioarteko Elkartea\u00a0 \u2013\u00a0 [&hellip;]<\/p>\n","protected":false},"author":1,"featured_media":0,"parent":0,"menu_order":0,"comment_status":"closed","ping_status":"closed","template":"","meta":{"footnotes":""},"class_list":["post-102","page","type-page","status-publish","hentry"],"_links":{"self":[{"href":"https:\/\/ipaeuskadi.org\/wordpress\/wp-json\/wp\/v2\/pages\/102","targetHints":{"allow":["GET"]}}],"collection":[{"href":"https:\/\/ipaeuskadi.org\/wordpress\/wp-json\/wp\/v2\/pages"}],"about":[{"href":"https:\/\/ipaeuskadi.org\/wordpress\/wp-json\/wp\/v2\/types\/page"}],"author":[{"embeddable":true,"href":"https:\/\/ipaeuskadi.org\/wordpress\/wp-json\/wp\/v2\/users\/1"}],"replies":[{"embeddable":true,"href":"https:\/\/ipaeuskadi.org\/wordpress\/wp-json\/wp\/v2\/comments?post=102"}],"version-history":[{"count":28,"href":"https:\/\/ipaeuskadi.org\/wordpress\/wp-json\/wp\/v2\/pages\/102\/revisions"}],"predecessor-version":[{"id":5831,"href":"https:\/\/ipaeuskadi.org\/wordpress\/wp-json\/wp\/v2\/pages\/102\/revisions\/5831"}],"wp:attachment":[{"href":"https:\/\/ipaeuskadi.org\/wordpress\/wp-json\/wp\/v2\/media?parent=102"}],"curies":[{"name":"wp","href":"https:\/\/api.w.org\/{rel}","templated":true}]}}